95769?
False
Is 10 a factor of 813810?
True
Is 4 a factor of 6339?
False
Is 21 a factor of 130935?
True
Is 6594625 a multiple of 25?
True
Is 26642 a multiple of 11?
True
Is 46 a factor of 10442?
True
Is 18503160 a multiple of 42?
False
Does 324 divide 1356671?
False
Is 11 a factor of 2886632?
False
Is 166 a factor of 13797?
False
Is 41 a factor of 5235741?
True
Does 83 divide 10528218?
True
Does 58 divide 263291?
False
Is 229 a factor of 13799996?
False
Is 320852 a multiple of 49?
True
Is 1911304 a multiple of 263?
False
Does 13 divide 7303055?
False
Is 247 a factor of 774226?
False
Does 739 divide 694876?
False
Is 18 a factor of 2993688?
True
Does 277 divide 4343083?
True
Is 15588182 a multiple of 45?
False
Is 29 a factor of 611639?
True
Does 464 divide 4035584?
False
Is 847 a factor of 6576955?
True
Is 115491 a multiple of 281?
True
Is 1939068 a multiple of 6?
True
Is 9 a factor of 7398?
True
Is 4328748 a multiple of 596?
True
Is 339273 a multiple of 207?
True
Is 562 a factor of 1077485?
False
Is 7758914 a multiple of 827?
True
Is 711 a factor of 56880?
True
Does 129 divide 214171?
False
Is 2478333 a multiple of 143?
True
Is 5319173 a multiple of 845?
False
Is 12096800 a multiple of 80?
True
Does 16 divide 203504?
True
Does 687 divide 811398?
False
Does 7 divide 25190?
False
Is 330525 a multiple of 65?
True
Does 157 divide 1782421?
True
Is 569052 a multiple of 33?
True
Is 78 a factor of 5315?
False
Does 2 divide 51839?
False
Is 261429 a multiple of 59?
True
Does 59 divide 4399934?
False
Is 4368456 a multiple of 747?
True
Is 71 a factor of 121623?
True
Is 94 a factor of 77550?
True
Does 103 divide 112682?
True
Does 104 divide 1359176?
True
Is 14 a factor of 1808630?
False
Is 29594372 a multiple of 1332?
False
Is 1018343 a multiple of 125?
False
Is 182598 a multiple of 13?
True
Does 18 divide 62784?
True
Does 5 divide 60654?
False
Is 106598 a multiple of 576?
False
Is 22 a factor of 72272?
False
Is 1394631 a multiple of 9?
True
Is 48650 a multiple of 175?
True
Is 766631 a multiple of 341?
False
Is 37 a factor of 1713978?
False
Is 35554 a multiple of 29?
True
Is 6676372 a multiple of 89?
False
Is 57 a factor of 109953?
True
Does 1814 divide 22442112?
False
Is 37 a factor of 5513?
True
Is 766986 a multiple of 512?
False
Does 751 divide 693924?
True
Does 17 divide 653080?
False
Does 134 divide 5776338?
True
Does 225 divide 222750?
True
Is 485 a factor of 2971458?
False
Does 46 divide 6455962?
True
Is 63 a factor of 31276539?
True
Is 335 a factor of 50250?
True
Does 284 divide 9472938?
False
Does 655 divide 789993?
False
Is 72282 a multiple of 63?
False
Is 231293 a multiple of 8?
False
Is 15 a factor of 193154?
False
Does 12 divide 3029154?
False
Does 62 divide 167286?
False
Is 59590 a multiple of 140?
False
Is 863 a factor of 657524?
False
Is 69 a factor of 189819?
True
Does 355 divide 2630550?
True
Does 11 divide 116974?
True
Does 26 divide 429892?
False
Is 64 a factor of 698944?
True
Is 267 a factor of 338008?
False
Is 19 a factor of 54910?
True
Is 1991808 a multiple of 1064?
True
Is 6 a factor of 10932?
True
Does 23 divide 6814326?
False
Is 59812 a multiple of 38?
True
Is 20512223 a multiple of 106?
False
Is 5690312 a multiple of 921?
False
Is 13 a factor of 17379375?
True
Does 46 divide 115649?
False
Does 13 divide 250853?
False
Does 26 divide 39814?
False
Does 3 divide 26988?
True
Is 248105 a multiple of 219?
False
Does 12 divide 1595700?
True
Is 1184004 a multiple of 9?
True
Does 10 divide 490447?
False
Is 76626 a multiple of 2?
True
Is 10 a factor of 8794920?
True
Does 224 divide 892629?
False
Does 19 divide 51887?
False
Is 28 a factor of 63905?
False
Does 795 divide 5480503?
False
Is 38 a factor of 22862?
False
Is 118 a factor of 76742?
False
Is 47 a factor of 413175?
False
Does 632 divide 1434712?
False
Is 75 a factor of 63549?
False
Is 253 a factor of 1319403?
False
Does 27 divide 1060344?
True
Does 488 divide 4639148?
False
Does 14 divide 508631?
False
Does 137 divide 479610?
False
Does 6 divide 34776?
True
Does 79 divide 1842122?
True
Does 3 divide 58755?
True
Is 73 a factor of 15521?
False
Is 3524256 a multiple of 148?
False
Is 11994 even?
True
Is 145 a factor of 103729?
False
Is 470883 a multiple of 1319?
True
Does 189 divide 2052162?
True
Is 96 a factor of 266976?
True
Is 82 a factor of 437634?
True
Is 3815272 a multiple of 15?
False
Is 1831920 a multiple of 91?
False
Does 503 divide 51771?
False
Does 122 divide 100406?
True
Is 9445184 a multiple of 56?
True
Is 12 a factor of 431196?
True
Is 3 a factor of 39708?
True
Is 541434 a multiple of 129?
False
Does 1164 divide 2423448?
True
Is 25 a factor of 66051?
False
Does 25 divide 306476?
False
Does 16 divide 1540768?
True
Is 5115165 a multiple of 165?
True
Does 89 divide 90157?
True
Is 95 a factor of 1266825?
True
Does 32 divide 4232608?
True
Is 1155951 a multiple of 27?
True
Does 16 divide 78016?
True
Is 355902 a multiple of 46?
True
Is 161 a factor of 378672?
True
Does 124 divide 126480?
True
Does 12 divide 28383?
False
Is 55145 a multiple of 205?
True
Does 57 divide 2197818?
False
Is 197 a factor of 614997?
False
Does 478 divide 11916540?
True
Does 43 divide 5558008?
True
Is 186760 a multiple of 140?
True
Is 10295 a multiple of 5?
True
Does 130 divide 22620?
True
Is 161 a factor of 12899748?
False
Is 139 a factor of 386793?
False
Does 801 divide 1064589?
False
Is 6113668 a multiple of 206?
True
Is 932994 a multiple of 4?
False
Is 255 a factor of 888259?
False
Is 10351560 a multiple of 60?
True
Does 77 divide 487256?
True
Is 47069 a multiple of 389?
True
Is 5123270 a multiple of 390?
False
Is 27 a factor of 54588?
False
Is 2032962 a multiple of 114?
True
Is 439256 a multiple of 27?
False
Is 133 a factor of 204554?
True
Does 40 divide 122760?
True
Is 210 a factor of 14144?
False
Is 1058 a factor of 4532834?
False
Does 186 divide 535866?
True
Does 18 divide 366084?
True
Is 192 a factor of 1749888?
True
Is 4 a factor of 1956?
True
Is 2942020 a multiple of 340?
True
Is 6110546 a multiple of 15?
False
Does 6 divide 6769?
False
Does 4 divide 128364?
True
Is 208 a factor of 132226?
False
Does 142 divide 269257?
False
Is 112905 a multiple of 33?
False
Is 26 a factor of 248819?
False
Is 10608 a multiple of 312?
True
Is 745960 a multiple of 9?
False
Does 308 divide 5038863?
False
Is 137529 a multiple of 59?
True
Is 2 a factor of 18978?
True
Does 110 divide 1374748?
False
Is 27 a factor of 3854439?
True
Is 4965941 a multiple of 681?
False
Is 50985 a multiple of 85?
False
Is 4 a factor of 974294?
False
Does 201 divide 1193739?
True
Is 26 a factor of 503328?
False
Is 347404 a multiple of 4?
True
Is 323 a factor of 48773?
True
Does 86 divide 4845763?
False
Is 229748 a multiple of 74?
False
Does 23 divide 1111268?
True
Does 33 divide 2171301?
True
Does 1355 divide 7112332?
False
Is 4324196 a multiple of 117?
False
Does 214 divide 5618998?
True
Is 88 a factor of 8085542?
False
Is 106 a factor of 408736?
True
Is 21678960 a multiple of 40?
True
Is 102847 a multiple of 19?
True
Is 772016 a multiple of 45?
False
Is 105 a factor of 585805?
False
Does 30 divide 661320?
True
Is 8 a factor of 559745?
False
Is 29 a factor of 30363?
True
Does 561 divide 785400?
True
Does 166 divide 29123298?
False
Does 127 divide 2786634?
True
Is 10372048 a multiple of 63?
False
Is 46 a factor of 126254?
False
Is 227632 a multiple of 164?
True
Is 80959 a multiple of 19?
True
Is 52668 a multiple of 18?
True
Does 4 divide 147066?
False
Does 23 divide 86066?
True
Does 180 divide 3682260?
True
Does 187 divide 342397?
True
Does 8 divide 8331157?
False
Is 14 a factor of 852468?
False
Does 92 divide 763931?
False
Does 77 divide 405559?
True
Does 30 divide 2653531?
False
Does 10 divide 1576342?
False
Is 6 a factor of 44724?
True
Is 3994963 a multiple of 1379?
True
Does 14 divide 1308665?
False
Does 16 divide 13454432?
True
Does 108 divide 110700?
True
Is 38590 a multiple of 14?
False
Is 45133 a multiple of 88?
False
Does 13 divide 7055667?
False
Does 80 divide 2836065?
False
Is 63 a factor of 476131?
False
Is 349 a factor of 3911243?
True
Is 15 a factor of 34425?
True
Does 90 divide 1927890?
True
Does 29 divide 4326365?
True
Is 19 a factor of 275294?
False
Is 507909 a multiple of 8?
False
Is 14684 a multiple of 9?
False
Does 8 